24
What is the greatest common factor of 11700 and 1575?
225
Calculate the greatest common divisor of 72 and 636.
12
What is the highest common divisor of 7 and 2807?
7
Calculate the greatest common divisor of 3172 and 5612.
244
What is the highest common factor of 59953 and 167?
167
What is the greatest common factor of 330 and 44?
22
What is the greatest common factor of 40 and 10?
10
What is the greatest common factor of 2 and 25?
1
What is the highest common divisor of 8 and 656?
8
What is the greatest common factor of 48 and 264?
24
What is the highest common divisor of 1 and 81?
1
Calculate the greatest common factor of 544 and 1504.
32
Calculate the greatest common factor of 12 and 186.
6
Calculate the highest common divisor of 25 and 325.
25
Calculate the highest common divisor of 144 and 80.
16
What is the highest common factor of 2712 and 312?
24
What is the highest common divisor of 9 and 117?
9
Calculate the highest common factor of 190 and 1.
1
What is the highest common factor of 988 and 1292?
76
Calculate the greatest common divisor of 11 and 3.
1
Calculate the highest common divisor of 38 and 2622.
38
Calculate the greatest common factor of 1482 and 156.
78
Calculate the highest common factor of 300 and 800.
100
What is the greatest common factor of 45 and 915?
15
What is the highest common divisor of 108 and 108?
108
Calculate the greatest common divisor of 804 and 24.
12
What is the highest common divisor of 165 and 12485?
55
What is the highest common factor of 2835 and 105?
105
Calculate the greatest common factor of 33 and 231.
33
Calculate the highest common factor of 25 and 10.
5
What is the highest common factor of 16375 and 375?
125
What is the highest common factor of 17195 and 95?
95
Calculate the highest common divisor of 11 and 1804.
11
Calculate the greatest common divisor of 15768 and 72.
72
What is the greatest common factor of 448 and 784?
112
What is the highest common factor of 728 and 520?
104
Calculate the highest common divisor of 8 and 12952.
8
What is the greatest common factor of 27 and 324?
27
Calculate the greatest common factor of 44 and 77.
11
What is the highest common divisor of 14485 and 5?
5
What is the greatest common divisor of 4384 and 137?
137
What is the greatest common factor of 51 and 5831?
17
Calculate the highest common divisor of 10 and 18.
2
Calculate the greatest common factor of 175 and 7.
7
Calculate the highest common factor of 285 and 380.
95
What is the highest common divisor of 2650 and 400?
50
Calculate the greatest common factor of 1189 and 41.
41
Calculate the greatest common divisor of 1862 and 392.
98
Calculate the highest common divisor of 15 and 195.
15
Calculate the highest common divisor of 160 and 176.
16
What is the highest common divisor of 42 and 378?
42
Calculate the greatest common divisor of 5 and 160.
5
What is the greatest common factor of 39658 and 158?
158
Calculate the highest common factor of 28 and 70.
14
Calculate the highest common factor of 324 and 24.
12
What is the highest common divisor of 132 and 748?
44
What is the greatest common factor of 84 and 114?
6
Calculate the highest common divisor of 7781 and 31.
31
What is the highest common factor of 16 and 1736?
8
What is the greatest common factor of 22 and 1782?
22
Calculate the greatest common divisor of 2990 and 130.
130
What is the highest common divisor of 33 and 33?
33
Calculate the greatest common divisor of 92 and 115.
23
What is the greatest common factor of 140 and 7?
7
What is the highest common divisor of 138 and 644?
46
What is the highest common divisor of 1054 and 102?
34
Calculate the highest common divisor of 13 and 6019.
13
Calculate the highest common factor of 671 and 11.
11
Calculate the greatest common divisor of 110 and 1045.
55
What is the highest common factor of 8055 and 179?
179
What is the highest common factor of 323 and 57?
19
Calculate the highest common factor of 592 and 1264.
16
What is the greatest common divisor of 451 and 41?
41
What is the highest common divisor of 2871 and 29?
29
Calculate the highest common factor of 35 and 7.
7
What is the highest common factor of 2954 and 14?
14
Calculate the greatest common divisor of 3159 and 9.
9
Calculate the greatest common factor of 11 and 19657.
11
Calculate the greatest common factor of 6084 and 3718.
338
Calculate the highest common factor of 1651 and 2159.
127
What is the greatest common factor of 50 and 950?
50
What is the highest common divisor of 669 and 3?
3
What is the highest common factor of 27232 and 16?
16
Calculate the greatest common factor of 321 and 22577.
107
What is the highest common divisor of 300 and 156?
12
What is the greatest common factor of 5 and 5?
5
What is the greatest common factor of 177 and 2419?
59
Calculate the highest common factor of 608 and 2052.
76
What is the highest common divisor of 138 and 177054?
138
Calculate the greatest common divisor of 161 and 69.
23
Calculate the greatest common factor of 83812 and 92.
92
Calculate the highest common factor of 903 and 60.
3
Calculate the greatest common factor of 12 and 876.
12
Calculate the greatest common divisor of 156 and 19422.
78
Calculate the highest common factor of 4307 and 59.
59
Calculate the highest common factor of 21 and 9.
3
Calculate the highest common divisor of 21 and 1253.
7
What is the highest common factor of 106 and 20246?
106
What is the greatest common factor of 266 and 112?
14
What is the highest common divisor of 4 and 964?
4
Calculate the highest common factor of 65670 and 165.
165
What is the greatest common factor of 2754 and 782?
34
Calculate the greatest common factor of 155 and 10.
5
What is the greatest common factor of 49 and 203?
7
What is the greatest common divisor of 330 and 2739?
33
What is the greatest common factor of 24 and 114?
6
What is the highest common factor of 663 and 1443?
39
What is the greatest common factor of 535 and 428?
107
Calculate the greatest common divisor of 2247 and 63.
21
Calculate the greatest common factor of 2590 and 70.
70
Calculate the greatest common divisor of 16 and 100.
4
Calculate the highest common divisor of 1393 and 56.
7
Calculate the greatest common factor of 111 and 2368.
37
What is the highest common divisor of 2117 and 73?
73
Calculate the highest common factor of 4 and 172.
4
What is the greatest common divisor of 85 and 289?
17
Calculate the greatest common factor of 90 and 2190.
30
What is the highest common factor of 475 and 19?
19
Calculate the highest common factor of 42 and 189.
21
Calculate the greatest common divisor of 12 and 996.
12
What is the greatest common divisor of 232 and 56?
8
Calculate the greatest common factor of 77 and 4081.
77
What is the highest common factor of 1472 and 92?
92
Calculate the greatest common factor of 14 and 1295.
7
What is the highest common factor of 38 and 2?
2
Calculate the highest common factor of 28 and 56714.
14
What is the highest common factor of 34 and 27914?
34
Calculate the greatest common factor of 100 and 1830.
10
Calculate the greatest common factor of 154 and 7469.
77
What is the greatest common factor of 7032 and 96?
24
What is the highest common divisor of 84 and 812?
28
What is the greatest common factor of 16836 and 3294?
366
What is the highest common divisor of 52 and 195?
13
Calculate the greatest common divisor of 187 and 34.
17
Calculate the highest common factor of 11 and 1507.
11
What is the highest common divisor of 448 and 98?
14
What is the highest common divisor of 20 and 62?
2
Calculate the greatest common factor of 5304 and 24.
24
What is the highest common divisor of 3222 and 81?
9
What is the greatest common factor of 71 and 7668?
71
Calculate the highest common factor of 108 and 756.
108
What is the highest common factor of 2020 and 65?
5
Calculate the greatest common factor of 459 and 51.
51
What is the highest common divisor of 255 and 465?
15
Calculate the highest common divisor of 2412 and 72.
36
Calculate the highest common divisor of 5 and 9.
1
What is the highest common divisor of 10 and 10?
10
What is the greatest common factor of 36 and 522?
18
What is the highest common factor of 1416 and 2655?
177
Calculate the greatest common divisor of 716 and 8.
4
Calculate the hi